 thousands digit of 1375972220?
7
What is the tens digit of 91928663?
6
What is the hundred millions digit of 115614435?
1
What is the ten thousands digit of 167976469?
7
What is the ten thousands digit of 600903439?
0
What is the ten millions digit of 32003313?
3
What is the hundred thousands digit of 457778040?
7
What is the millions digit of 265301544?
5
What is the ten millions digit of 211281611?
1
What is the thousands digit of 20060442?
0
What is the billions digit of 3188591339?
3
What is the thousands digit of 139159500?
9
What is the units digit of 1792166850?
0
What is the millions digit of 54391593?
4
What is the thousands digit of 18872536?
2
What is the millions digit of 139970545?
9
What is the ten millions digit of 45285259?
4
What is the units digit of 27242503?
3
What is the ten millions digit of 798004122?
9
What is the hundred thousands digit of 1105397976?
3
What is the ten millions digit of 823054361?
2
What is the units digit of 2981110752?
2
What is the hundred thousands digit of 89006856?
0
What is the hundreds digit of 1189315692?
6
What is the ten millions digit of 88802222?
8
What is the ten thousands digit of 13158869?
5
What is the thousands digit of 701723735?
3
What is the hundred millions digit of 157692640?
1
What is the units digit of 194700452?
2
What is the tens digit of 41513383?
8
What is the ten thousands digit of 19414979?
1
What is the hundred thousands digit of 23746942?
7
What is the units digit of 515830033?
3
What is the hundreds digit of 1676340939?
9
What is the hundred thousands digit of 38514291?
5
What is the units digit of 127504992?
2
What is the thousands digit of 755047906?
7
What is the ten millions digit of 243315905?
4
What is the hundreds digit of 2264436096?
0
What is the thousands digit of 99519435?
9
What is the hundreds digit of 6995608?
6
What is the tens digit of 14976089?
8
What is the ten thousands digit of 47741037?
4
What is the ten millions digit of 7586606605?
8
What is the units digit of 178183530?
0
What is the units digit of 838072717?
7
What is the tens digit of 85074039?
3
What is the thousands digit of 60499853?
9
What is the hundred thousands digit of 2284014822?
0
What is the units digit of 1111501538?
8
What is the hundred thousands digit of 78762301?
7
What is the hundreds digit of 67872138?
1
What is the tens digit of 406304606?
0
What is the units digit of 93930631?
1
What is the hundred millions digit of 202177219?
2
What is the ten thousands digit of 865262629?
6
What is the hundred millions digit of 2205560567?
2
What is the units digit of 458184152?
2
What is the hundred millions digit of 1957980719?
9
What is the units digit of 790105892?
2
What is the thousands digit of 196661876?
1
What is the ten millions digit of 1116087507?
1
What is the thousands digit of 28690679?
0
What is the ten millions digit of 37187916?
3
What is the ten millions digit of 31541477?
3
What is the tens digit of 3486396244?
4
What is the hundred thousands digit of 1274220685?
2
What is the units digit of 183571288?
8
What is the units digit of 208934504?
4
What is the billions digit of 8110982083?
8
What is the units digit of 606491473?
3
What is the millions digit of 65399856?
5
What is the ten thousands digit of 39275796?
7
What is the thousands digit of 4227997194?
7
What is the hundreds digit of 274582384?
3
What is the hundred millions digit of 122228089?
1
What is the units digit of 99731846?
6
What is the ten thousands digit of 39030490?
3
What is the millions digit of 1537500210?
7
What is the units digit of 1197401536?
6
What is the thousands digit of 4502597460?
7
What is the ten thousands digit of 37362650?
6
What is the units digit of 2991411187?
7
What is the hundred thousands digit of 2783001677?
0
What is the thousands digit of 18470503?
0
What is the thousands digit of 51780382?
0
What is the billions digit of 2519935442?
2
What is the thousands digit of 2885254886?
4
What is the hundred thousands digit of 38572714?
5
What is the ten millions digit of 17778968?
1
What is the hundreds digit of 346187730?
7
What is the ten millions digit of 4908436625?
0
What is the millions digit of 4155579660?
5
What is the ten thousands digit of 631420173?
2
What is the units digit of 47340617?
7
What is the units digit of 70240882?
2
What is the units digit of 7837529?
9
What is the hundred millions digit of 144154902?
1
What is the millions digit of 1986066134?
6
What is the millions digit of 89913361?
9
What is the ten millions digit of 222282301?
2
What is the hundreds digit of 746679575?
5
What is the billions digit of 3281725314?
3
What is the millions digit of 33762478?
3
What is the tens digit of 21698624?
2
What is the units digit of 1589058006?
6
What is the millions digit of 55625136?
5
What is the thousands digit of 22076677?
6
What is the units digit of 61483105?
5
What is the tens digit of 265061375?
7
What is the ten thousands digit of 269075551?
7
What is the millions digit of 50033501?
0
What is the millions digit of 486645238?
6
What is the billions digit of 1429376585?
1
What is the ten millions digit of 206938941?
0
What is the hundred millions digit of 489960280?
4
What is the millions digit of 1404398121?
4
What is the ten millions digit of 122940045?
2
What is the hundred thousands digit of 298701741?
7
What is the ten millions digit of 25864101?
2
What is the thousands digit of 81341812?
1
What is the hundreds digit of 520203103?
1
What is the tens digit of 6299995?
9
What is the hundred millions digit of 486888509?
4
What is the tens digit of 1578753492?
9
What is the billions digit of 2062499834?
2
What is the tens digit of 252982871?
7
What is the ten thousands digit of 2739186231?
8
What is the billions digit of 1013592658?
1
What is the tens digit of 4473446609?
0
What is the hundreds digit of 164378419?
4
What is the hundred thousands digit of 18100470?
1
What is the ten thousands digit of 15803060?
0
What is the hundreds digit of 122249327?
3
What is the hundred thousands digit of 132291484?
2
What is the tens digit of 7765049?
4
What is the hundreds digit of 38252679?
6
What is the thousands digit of 539793813?
3
What is the hundred thousands digit of 48162242?
1
What is the thousands digit of 839736720?
6
What is the tens digit of 335811925?
2
What is the hundred millions digit of 114584367?
1
What is the hundred thousands digit of 382594286?
5
What is the hundreds digit of 1746692559?
5
What is the hundreds digit of 347232940?
9
What is the tens digit of 387879580?
8
What is the ten thousands digit of 176155539?
5
What is the hundred thousands digit of 817843696?
8
What is the units digit of 14530390?
0
What is the billions digit of 8526796270?
8
What is the billions digit of 1533769892?
1
What is the ten millions digit of 68609018?
6
What is the hundreds digit of 2775314339?
3
What is the millions digit of 88191254?
8
What is the hundreds digit of 32940318?
3
What is the hundreds digit of 65381846?
8
What is the units digit of 382331815?
5
What is the millions digit of 40943072?
0
What is the ten millions digit of 957412269?
5
What is the tens digit of 136611341?
4
What is the ten thousands digit of 109023583?
2
What is the ten thousands digit of 2047339158?
3
What is the hundred millions digit of 138514966?
1
What is the ten millions digit of 796216152?
9
What is the hundreds digit of 17519541?
5
What is the thousands digit of 15343168?
3
What is the tens digit of 72661112?
1
What is the tens digit of 81505759?
5
What is the ten millions digit of 1898608371?
9
What is the units digit of 492601575?
5
What is the tens digit of 28680870?
7
What is the thousands digit of 32224195?
4
What is the ten millions digit of 1839211648?
3
What is the hundreds digit of 61155239?
2
What is the ten millions digit of 28490420?
2
What is the thousands digit of 42886132?
6
What is the ten millions digit of 403649794?
0
What is the ten thousands digit of 2760850759?
5
What is the millions digit of 1095489844?
5
What is the ten millions digit of 1125177734?
2
What is the thousands digit of 25080356?
0
What is the ten millions digit of 379850204?
7
What is the hundreds digit of 417458158?
1
What is the tens digit of 25799561?
6
What is the hundreds digit of 2717